1 + (-5)/((-15)/18).
1
Let o = 77 + -43. Calculate the remainder when o is divided by 12.
10
Suppose 2*a = 6 + 4. Suppose 1 = a*d - 4. Let f(i) = 24*i + 1. What is the remainder when f(d) is divided by 13?
12
Let i = -10 + 22. Calculate the remainder when i is divided by 5.
2
Let i(l) be the first derivative of 2*l**3/3 - 2*l**2 + 6*l + 2. Let d = -7 - -19. What is the remainder when i(4) is divided by d?
10
Let g be (-5)/(-2)*12/15. Calculate the remainder when g/3 - (-91)/3 is divided by 16.
15
Let v(k) = -k**3 + 8*k**2 - 6*k - 10. Let t be v(7). Calculate the remainder when 74 is divided by 1 + t + (14 - -13).
24
Suppose k = 4 - 3. Let n be 716/6 + k/(-3). Suppose 0 = -5*r + 2*i + n, 5 = -i + 8. What is the remainder when r is divided by 9?
7
Suppose 0*g = 3*g - 6. Suppose -r = 4*u - u + 16, -2*r - g*u - 16 = 0. Calculate the remainder when 12 is divided by 2/r - (-55)/10.
2
Suppose -2*f - 13 + 41 = 0. What is the remainder when 25 is divided by f?
11
What is the remainder when 10 is divided by (-3*12)/(-3) - 3?
1
Suppose 2*p = -5*n + 6, 0 = 5*n - 4*p + p + 9. Let r = n + -2. Let m = r + 4. Calculate the remainder when 3 is divided by m.
1
What is the remainder when 2/3*222/4 is divided by 123/9 - (-4)/(-6)?
11
Suppose -5*q + 4*s + 86 - 25 = 0, 12 = q - s. Calculate the remainder when (1449/(-115))/(1 - 12/10) is divided by q.
11
What is the remainder when 32/(-6)*(-3)/2 is divided by (3 + -2 - -4)*16/40?
0
Let k(f) = -f**3 - f**2 + 2*f. Suppose 0 = v + 4, -4*p + 0*v + 2*v = -16. Let i be k(p). Let n = i - -11. Calculate the remainder when 5 is divided by n.
2
Let j(t) = t**2 - t - 3. Let h be j(3). Suppose -m + 80 = m. Suppose -h*c + m = 10. Calculate the remainder when 38 is divided by c.
8
Calculate the remainder when 10 is divided by 10/25 + (-99)/(-15).
3
Let d = -137 - -165. Calculate the remainder when d is divided by 15.
13
Let w(n) = 10*n - 2. Let t = 4 + 0. Calculate the remainder when w(t) is divided by 8.
6
Let x be 281/6 - 1/(-6). Suppose -3*u + 3*c + x = -u, -113 = -5*u + 3*c. Let o = u + -2. Calculate the remainder when 58 is divided by o.
18
Let t(l) = 15*l**2 - 10*l - 9. What is the remainder when t(-3) is divided by 40?
36
Suppose -5*o + h + 17 = -69, 0 = 5*o + 5*h - 80. What is the remainder when 116 is divided by o?
14
Suppose -5*t = -34 - 21. What is the remainder when 43 is divided by t?
10
Suppose -r - 20 = -6*r. Let s(o) = -o**2 + 3*o + 2. Let g be s(r). What is the remainder when 46 is divided by (-344)/(-28) + g/7?
10
Let l = -6 + 5. Calculate the remainder when 50 is divided by 1 - (l - 0)*12.
11
What is the remainder when 122 is divided by 38 - ((-6)/(-4))/(9/(-18))?
40
Let n = 29 - 17. Let l = 38 + -15. What is the remainder when l is divided by n?
11
Let x = 147 - 17. What is the remainder when x is divided by 11?
9
Let o = 397 + -147. Calculate the remainder when o is divided by 28.
26
Let p = 12 - 6. What is the remainder when 6 is divided by p?
0
Suppose w - 56 = -3*w. Calculate the remainder when w is divided by 14/(-35) - (1 + 96/(-15)).
4
What is the remainder when 117 + -1*6/2 + 4 is divided by 41?
36
Let h = -27 + 78. Suppose -h = -p - 0*p. Calculate the remainder when p is divided by 18.
15
Let m be 6*3*2/12. Suppose 3*t - 2*t + b - 17 = 0, -2*b = -m*t + 31. Calculate the remainder when 24 is divided by t.
11
Let i(j) = 2*j**2 + 4*j + 2. What is the remainder when i(-6) is divided by 18?
14
Let d(k) = -k + 2. Suppose 2*z = z. Calculate the remainder when 4 is divided by d(z).
0
Let b(t) = -2*t**3 - 3*t**2. Let y be b(-2). Suppose 3*w + 25 = a, 3*w + 55 = y*a - 0*a. Calculate the remainder when 18 is divided by a.
8
Suppose -6*b = -8*b + 46. Calculate the remainder when 67 is divided by b.
21
Let f = 31 - 14. What is the remainder when f is divided by ((-28)/(-20) - 1)*15?
5
Suppose -150 = -7*c - 38. Calculate the remainder when c is divided by 3.
1
Calculate the remainder when ((-8)/16)/((-1)/22) is divided by 2.
1
Suppose 5 = y - 3. Suppose y = 4*p - 0, 2*w + 5*p - 18 = 0. What is the remainder when w is divided by 2?
0
Suppose m - 4*m = 0. Suppose m*i - 2*i = 3*g - 49, -3*i - g = -70. Calculate the remainder when i is divided by 8.
7
Suppose 3*b - 122 = -5*o, 11*b - 178 = 6*b - 2*o. Calculate the remainder when b is divided by 7.
6
Suppose 22*n - 25*n + 18 = 0. Let r(k) = -k**2 - 7*k - 1. Calculate the remainder when r(-3) is divided by n.
5
Let z = 10 + -5. Calculate the remainder when z is divided by 3.
2
Suppose -12 = 2*i - 80. Calculate the remainder when i is divided by ((-6)/5)/(3/(-30)).
10
Let p = -6 - -16. What is the remainder when 34 is divided by p?
4
Suppose 20 + 5 = g. Suppose -4*w + g = w. Calculate the remainder when (-2)/7 + 65/7 is divided by w.
4
Let n(r) be the first derivative of r**4/4 - r**3/3 + 49*r - 5. Calculate the remainder when n(0) is divided by 17.
15
Let y(b) = -b**3 + 3*b**2 + 5*b + 2. Calculate the remainder when y(4) is divided by 4.
2
Suppose -2*c + 3*c = 11. Suppose 3*y - 3*w = 24, -w - 1 - 1 = 0. Calculate the remainder when c is divided by y.
5
Suppose -3*j - j - 98 = -2*o, 4*o + 12 = 0. Let l = 38 + j. What is the remainder when 5 is divided by (5/(-15))/((-2)/l)?
1
Suppose -2*s = -23 - 371. Suppose 3*n = 5*g - s, 0 = 4*g - 5*n - 58 - 110. Suppose -39 = 5*i - 8*i. What is the remainder when g is divided by i?
11
Suppose 0 = k + 2*k. Suppose k = 3*z - 5*s - 41, z + 3 - 10 = 5*s. What is the remainder when z is divided by 9?
8
Let b(w) = -w**3 + 10*w**2 + 10*w + 12. What is the remainder when 1 - (-1 - (-1 + 2)) is divided by b(11)?
0
Suppose 83 = 4*q - 5*g, 3*q - 2 = 2*q + 5*g. Let d = 2 - -1. What is the remainder when q is divided by ((-5)/2)/(d/(-18))?
12
Let l = -133 - -192. Suppose 4*v - 1 = 4*j - 101, v - 35 = -2*j. What is the remainder when l is divided by j?
19
Suppose h + 3*u - 55 = 0, 2*u - 53 = -2*h + 53. Suppose -2*p - 11 = -47. Calculate the remainder when h is divided by p.
16
Suppose -5*k = -0*n - 5*n + 100, -44 = -2*n + k. Suppose 4*x = 16, 2*l - l - n = -3*x. Calculate the remainder when l is divided by 7.
5
Let m = -26 + 82. Let s = -32 - -5. Let r = m + s. Calculate the remainder when r is divided by 10.
9
Let o be (-429)/18 + 2/(-12). What is the remainder when 59 is divided by ((-20)/6)/(4/o)?
19
Suppose 15*o - 27 = 14*o. Let i(t) = t**3 + 14*t**2 + 12*t - 6. Calculate the remainder when o is divided by i(-13).
6
Let j(a) = a + 16. What is the remainder when 37 is divided by j(-8)?
5
Let a = -46 + 142. Let o = a + -52. Suppose 0*g = -4*g + o. What is the remainder when 21 is divided by g?
10
Let u(l) = l**3 + 16*l**2 + 14*l + 3. Calculate the remainder when 30 is divided by u(-15).
12
Let x = -16 + 41. What is the remainder when 46 is divided by x?
21
Let d = -259 + 420. Suppose 0 = 3*l - 15, 4*l = c - 4*c + d. What is the remainder when c is divided by 16?
15
Suppose -5*j - 2*a + 44 = -98, -2*j + 3*a + 53 = 0. Calculate the remainder when 83 is divided by j.
27
Let n = -35 - -21. What is the remainder when 43 is divided by (-4)/n + 206/14?
13
Suppose -u - 6 = 3*h, 3*u - 2*h = -3*h + 6. Suppose -54 = -q + 5*i, 0 = -4*i + u*i - 5. What is the remainder when 86 is divided by q?
28
Let h = 45 + 19. Let n = 92 - 70. Calculate the remainder when h is divided by n.
20
Let v(f) = -2*f**3 - 17*f**2 - 9*f - 4. Suppose 3*c - 3 = 0, -2*r + 64 = 3*r - c. What is the remainder when r is divided by v(-8)?
1
Let w = 7 + -5. Suppose 4 + 24 = -w*g. Let h = g - -25. Calculate the remainder when 21 is divided by h.
10
Let i = -2 - -16. What is the remainder when 26 is divided by i?
12
Let j = 23 - 8. What is the remainder when j is divided by 4?
3
Suppose 2*y = y. Suppose y = l + 3 - 25. What is the remainder when 64 is divided by l?
20
Suppose -3*o = -5*k - o - 155, -2*k = -4*o + 78. Let t = k + 52. Calculate the remainder when t is divided by 8.
7
Suppose -2*n - 42 = -2*m, -4*m = 2*n - 79 - 35. Calculate the remainder when 51 is divided by m.
25
Let l = -7 + 12. Suppose l*o - 3*k = 69 + 16, 3*o - k = 51. What is the remainder when 65 is divided by o?
14
Calculate the remainder when (-28)/(-10) + (-2)/(-10) is divided by (-4)/(2 - (6 - 2)).
1
Let z = 126 + -67. Suppose -k = -5*k + 3*f + z, -3*k - 2*f = -57. What is the remainder when k is divided by 10?